f y.
3
Suppose 6*g = g + 5. Let m = g - -1. Let b(o) = 10*o + 2. What are the prime factors of b(m)?
2, 11
Let q(u) = 10*u**3 - u**2 + u + 2. Let j be q(-2). Let k = j - -155. List the prime factors of k.
71
Suppose 6*f = 2*f - 72. Let d be (-4)/f - 100/(-36). Suppose d*r - 6*r + 21 = 0. What are the prime factors of r?
7
Suppose -14*s + 12175 + 27585 = 0. What are the prime factors of s?
2, 5, 71
Let k(f) = f**2 + 6*f - 13. Let w be k(-8). Suppose 3*z + 568 = 5*s, 0*s + 332 = w*s - 4*z. List the prime factors of s.
2, 29
Let c(r) = 100*r**2 + 19*r - 70. List the prime factors of c(4).
2, 11, 73
Let t be (-486)/63 - (-14)/(-49). Let l(c) be the first derivative of -c**4/4 - 8*c**3/3 - 5*c**2/2 - c - 1. What are the prime factors of l(t)?
3, 13
Let c(u) = -u**3 - 10*u**2 - 11*u - 3. Let w be c(-9). Suppose 14*r = w*r - 37. List the prime factors of r.
37
List the prime factors of (9/(-3))/(17550/2928 - 6).
2, 61
Suppose 21*f + 10202 = 26*f - g, -2*f + 5*g = -4067. List the prime factors of f.
13, 157
Suppose 3*p - 3*q - 4620 = 0, -27*p - 4*q = -24*p - 4606. List the prime factors of p.
2, 769
Let s(l) = l**3 - 21*l**2 + 38*l + 14. What are the prime factors of s(19)?
2, 7
Suppose -1268 = -3*n - 4*g, -190*g = -n - 195*g + 408. What are the prime factors of n?
2, 107
Suppose 2*y + 0*c - 3*c - 14 = 0, 0 = -3*y - 2*c - 5. What are the prime factors of -3*y*(-50)/3?
2, 5
What are the prime factors of (-8)/(-16)*14 + 320?
3, 109
Let z(s) = -74*s + 212. What are the prime factors of z(-16)?
2, 349
Suppose -5*k = -12 - 3. Suppose 1 = -4*v + 21. Suppose 3*x - 14 = -j, -5*j + 107 = -v*x - k. What are the prime factors of j?
2, 5
List the prime factors of -2*((-17576)/12 - 7/(-42)).
29, 101
Let g be 29028/108 + 4/18. Suppose -3*m + 134 = 2*y - m, 3*m - g = -4*y. What are the prime factors of y?
2, 17
Suppose 12 = 5*l - 8. Suppose -l*p - 25 = -437. List the prime factors of p.
103
Let l = -961 + 3268. What are the prime factors of l?
3, 769
Suppose 4*z + 0 + 12 = 0. List the prime factors of 1*(23 - 4) - z.
2, 11
List the prime factors of 1665 + 4/((-16)/(-4)).
2, 7, 17
Let q(t) be the first derivative of -t**4/4 + 4*t**3 - 15*t**2/2 + 9*t + 192. Let b = -3 - -13. What are the prime factors of q(b)?
59
What are the prime factors of (198/22)/3 + (-4252)/(-2)?
2129
Let f = 6 - 16. Let k be 5/f*(-1 + 1). Suppose k = -b - 1 + 21. What are the prime factors of b?
2, 5
Suppose 0 = -4*u + 2*c + 26, 6*c - 17 = -3*u + 5*c. Suppose -u*p = -11*p - 60. Let s = -10 - p. What are the prime factors of s?
2
What are the prime factors of 1431 - (-72)/(-6)*(-3)/6?
3, 479
Suppose 3*g - 16 = -g. Suppose g*l - 16 = n - 1, n + 7 = 2*l. List the prime factors of (-47)/(-2)*n*2.
47
Suppose -5*x + 525 = 40. Suppose 0 = -5*t + x + 78. What are the prime factors of t?
5, 7
Let v(u) = u**2 - 2*u. Let n be v(2). Suppose 2*s + 2 = -d - n*d, -5*s + 3*d = 27. What are the prime factors of (35 - (-5 + 2)) + s?
5, 7
Let g = 419 - 151. List the prime factors of g.
2, 67
Let s be 3/(-1) + -4*(-10)/8. What are the prime factors of s/(9/(-24)*(-2)/39)?
2, 13
Suppose 12 = 3*n + n. Suppose 2*m = -5*a - 2*m + 3, -m - n = 0. Suppose 5*y + 2*f = 112, a*y - 68 = f - 3*f. What are the prime factors of y?
2, 11
Let l be (-4740)/(-36) + 4/(-6). Suppose 3*k + 14 - l = 0. What are the prime factors of k?
3, 13
Let m be 3*2/3*-128. Let w = -169 - m. List the prime factors of w.
3, 29
Suppose 7*n = 814 + 516. What are the prime factors of n?
2, 5, 19
Suppose 3*q + q - 234 = 2*f, 0 = -2*q + 4*f + 126. Suppose i + 11 - q = 0. What are the prime factors of i?
2, 23
Suppose 6 = -0*f + f. Suppose r + f = 2*r. Suppose r*t = 3*t + 84. List the prime factors of t.
2, 7
Let r(o) = o**2 - 5*o - 149. List the prime factors of r(32).
5, 11, 13
Let z(j) = 151*j**2 + 3*j - 10. List the prime factors of z(2).
2, 3, 5
Suppose -4*i + 6 = -i. Suppose -7*b = -i*b - 25. Suppose l + 3 = 4*l, -b*d + 58 = -2*l. What are the prime factors of d?
2, 3
Let z(x) be the third derivative of -x**4/24 - x**3/2 - 14*x**2. What are the prime factors of z(-16)?
13
Let k(p) = -9*p**3 - 2*p**2 - p. Let d be k(-1). Suppose 4*q = d*q - 44. What are the prime factors of (-43)/2*(-22)/q?
43
Suppose -8*a = 29 - 205. List the prime factors of -3 + 0 + a + 3.
2, 11
Suppose 14*g - b = 16*g - 3135, -5*g - 2*b = -7837. List the prime factors of g.
1567
Suppose 145*v - 146*v = 3*x - 1978, -v - 2*x + 1981 = 0. List the prime factors of v.
1987
Let i(f) be the first derivative of f**2/2 + 85*f - 8. List the prime factors of i(0).
5, 17
Suppose c - 31 = -4*b, 3*b = -2*c + 6*b + 18. What are the prime factors of 0/2 + c/5?
3
Suppose 27*g - 25268 - 38857 = 0. List the prime factors of g.
5, 19
Let t = -854 - -4373. What are the prime factors of t?
3, 17, 23
Let l be (-33)/77 - 38/(-7). Suppose -l*y = y. Suppose 7*d - 176 - 111 = y. What are the prime factors of d?
41
Let a be ((-12)/(-10))/(9/30). Let c = -27 + a. Let v = 50 + c. What are the prime factors of v?
3
Let l = 2018 - 348. List the prime factors of l.
2, 5, 167
Let v(q) = 24*q**2 - 7*q - 5. Suppose -19*b + 4 = -21*b. List the prime factors of v(b).
3, 5, 7
Suppose -41*f - 2475 = -46*f. What are the prime factors of f?
3, 5, 11
What are the prime factors of 10931/7 + 18/(-294)*-7?
2, 11, 71
Suppose 0 = -5*y - 35 + 350. Let l = -8 + y. Suppose -4*h + 25 = -l. What are the prime factors of h?
2, 5
Let o = 479 + -186. Suppose o + 409 = 3*b. Suppose 10*m - b = 4*m. List the prime factors of m.
3, 13
What are the prime factors of (18 - 104)*(-2 + -3)?
2, 5, 43
Suppose 4*f - 331 = -2*l + 1477, 0 = 4*l - 2*f - 3666. List the prime factors of l.
2, 457
Let n be 6*7*(-3)/2. Let c = n + 91. List the prime factors of c.
2, 7
Let h(c) = 3*c**2 + 42*c - 83. What are the prime factors of h(-23)?
2, 269
Let a(w) = -522*w + 173. List the prime factors of a(-3).
37, 47
Suppose -757 - 104 = -3*a. List the prime factors of a.
7, 41
Let h = -13 + 16. Let a(c) = -4*c + 7. Let q be a(h). List the prime factors of 19 + (-4 - (q + 3)).
17
Let v be (17 + -1)/((-1)/(-11)). Suppose 0 = -6*b + v + 142. List the prime factors of b.
53
Suppose -2005 + 55 = 5*g. What are the prime factors of 1/4 + g/(-8)?
7
Let k = 10 + -20. Let l be ((-6)/k + -1)*-5. Suppose 2*d + 3*d + 1 = l*r, -25 = -5*d. What are the prime factors of r?
13
Let i(g) = -6*g + 36. Let n be i(15). What are the prime factors of 638/12 - (-9)/n?
53
Let u be 6/(-15) - (-51)/15. Suppose 5*h + 2*m = 581, -h - u*m + m = -121. Let i = -51 + h. What are the prime factors of i?
2
Suppose -197 + 29 = -6*p. Suppose -n - 1 = -5*j + 78, -4*n - p = -2*j. What are the prime factors of j?
2
Let s be (30/(-25))/((-9)/30). Suppose 2*k - 4 = i - s*i, -3*i = k - 5. List the prime factors of i.
2
Suppose 3*i - 8*i - 495 = -3*u, 2*i = -6. List the prime factors of u.
2, 5
Let i = 1174 - -376. List the prime factors of i.
2, 5, 31
Let y(v) = -v**2 - 13*v + 68 - 84 + 0*v**2. Let r(a) = a**3 - a**2 - 11. Let g be r(0). List the prime factors of y(g).
2, 3
Let a = -338 + 653. List the prime factors of a.
3, 5, 7
Suppose q - 14 = -2. Let y be (-168)/q*(-1)/2. What are the prime factors of y*(-2 - (-80)/28)?
2, 3
Suppose 4*k + 2*v = 9574, 4*k = -3*v + 11251 - 1680. List the prime factors of k.
5, 479
Suppose 0 = -10*o + 13*o - 39. Let d(p) = -p**2 + 18*p - 3. List the prime factors of d(o).
2, 31
Let k(f) = 2 - 23*f - 4*f - 20*f. List the prime factors of k(-2).
2, 3
Let h(z) be the second derivative of z**4/6 - 5*z**3/2 + 49*z**2/2 + 4*z. List the prime factors of h(13).
2, 3
Suppose -2 = -y - y. Let t be 4/2 - (-2 - y). Suppose -56 = -2*u - 5*d, 0 = -t*u - 4*d + 176 - 36. What are the prime factors of u?
2, 7
Let l(r) = -9*r - 14. Suppose -4*g - 3*d = 26, -5*d + 50 = -5*g - 0*d. Let h be l(g). Let m = h + -32. List the prime factors of m.
2, 13
Let r(n) = -10*n + 3. Let v be 4/14 + 80/14. Let d(q) = q**2 + q + 1. Let y(x) = v*d(x) + r(x). List the prime factors of y(3).
3, 17
Suppose -3*j + 3238 = -2*r, -j + r = 240 - 1321. What are the prime factors of j?
2, 269
Let d be (-5)/((-2)/1 - -1). Let p = d - 16. Let n(i) = -i**3 - 12*i**2 - 14*i - 9. What are the prime factors of n(p)?
2, 3
Suppose 2*v + 4 = 402. Suppose -8 = 4*w, -5*n + 2*n - 4*w = -v. List the prime factors of n.
3, 23